{"id":508,"date":"2018-05-14T16:16:54","date_gmt":"2018-05-14T14:16:54","guid":{"rendered":"http:\/\/computerservice-langenhagen.de\/?page_id=508"},"modified":"2018-05-14T17:45:35","modified_gmt":"2018-05-14T15:45:35","slug":"internet","status":"publish","type":"page","link":"http:\/\/computerservice-langenhagen.de\/?page_id=508","title":{"rendered":"Internet"},"content":{"rendered":"\t\t<div data-elementor-type=\"wp-post\" data-elementor-id=\"508\" class=\"elementor elementor-508 elementor-bc-flex-widget\">\n\t\t\t\t\t\t<section class=\"elementor-section elementor-top-section elementor-element elementor-element-76821fd elementor-section-boxed elementor-section-height-default elementor-section-height-default\" data-id=\"76821fd\" data-element_type=\"section\">\n\t\t\t\t\t\t<div class=\"elementor-container elementor-column-gap-default\">\n\t\t\t\t\t<div class=\"elementor-column elementor-col-100 elementor-top-column elementor-element elementor-element-e98b8dd\" data-id=\"e98b8dd\" data-element_type=\"column\">\n\t\t\t<div class=\"elementor-widget-wrap elementor-element-populated\">\n\t\t\t\t\t\t<div class=\"elementor-element elementor-element-9f66a02 elementor-widget elementor-widget-heading\" data-id=\"9f66a02\" data-element_type=\"widget\" data-widget_type=\"heading.default\">\n\t\t\t\t<div class=\"elementor-widget-container\">\n\t\t\t\t\t<h2 class=\"elementor-heading-title elementor-size-default\">Homepage - Erstellung<\/h2>\t\t\t\t<\/div>\n\t\t\t\t<\/div>\n\t\t\t\t\t<\/div>\n\t\t<\/div>\n\t\t\t\t\t<\/div>\n\t\t<\/section>\n\t\t\t\t<section class=\"elementor-section elementor-top-section elementor-element elementor-element-5f136df elementor-section-boxed elementor-section-height-default elementor-section-height-default\" data-id=\"5f136df\" data-element_type=\"section\">\n\t\t\t\t\t\t<div class=\"elementor-container elementor-column-gap-default\">\n\t\t\t\t\t<div class=\"elementor-column elementor-col-100 elementor-top-column elementor-element elementor-element-4ef283f\" data-id=\"4ef283f\" data-element_type=\"column\">\n\t\t\t<div class=\"elementor-widget-wrap elementor-element-populated\">\n\t\t\t\t\t\t<div class=\"elementor-element elementor-element-9a1536d elementor-widget elementor-widget-text-editor\" data-id=\"9a1536d\" data-element_type=\"widget\" data-widget_type=\"text-editor.default\">\n\t\t\t\t<div class=\"elementor-widget-container\">\n\t\t\t\t\t\t\t\t\t<p><strong><span style=\"font-family: verdana, geneva, sans-serif; font-size: 12px; color: #000000;\">Auch kleinere Firmen kommen heute ohne eigene Homepage nicht mehr aus. Die einmalige Erstellung geht meistens noch. Doch die Pflege oder der individuelle Auftritt. WANN soll das erledigt werden?<\/span><\/strong><\/p><p><strong><span style=\"font-family: verdana, geneva, sans-serif; font-size: 12px; color: #000000;\">Eine Homepage die nicht aktuell oder schlecht gebaut ist, kann abschrecken. So werden Sie keine Kunden gewinnen k\u00f6nnen.<\/span><\/strong><\/p><p><strong><span style=\"font-family: verdana, geneva, sans-serif; font-size: 12px; color: #000000;\">Wir bieten f\u00fcr Sie den Service der Webseitenerstellung und Wartung. F\u00fcr die Erstellung ihrer Website nutzen wir ausschlie\u00dflich kostenlose Content Management Systeme ( CMS ). Bevorzugt setzen wir die CMS WordPress, GLFusion, Joomla und Papoo ein.<\/span><\/strong><\/p><p><strong><span style=\"font-family: verdana, geneva, sans-serif; font-size: 12px; color: #000000;\">Der Vorteil liegt hier klar auf der Hand. Alle diese Systeme sind in Deutsch und sehr leicht erlernbar. Ferner bieten alle kostenlose Plugins, mit denen ihre Homepage individuell gestaltet werden kann.<\/span><\/strong><\/p><p><strong><span style=\"font-family: verdana, geneva, sans-serif; font-size: 12px; color: #000000;\">Sollten Sie noch keine eigene Webspace haben, vermitteln wir ihnen gern eine kosteng\u00fcnstige, auf ihre Bed\u00fcrfnisse passende Webspace. Wir bieten Ihnen viele M\u00f6glichkeiten f\u00fcr Ihre pers\u00f6nliche Homepage egal ob Privat, f\u00fcr Gewerbe oder Vereine. Dabei gehen wir optimal auf Ihre W\u00fcnsche und Vorstellungen ein.<\/span><\/strong><\/p><p><strong><span style=\"font-family: verdana, geneva, sans-serif; font-size: 12px; color: #000000;\">Wir arbeiten schnell und kosteng\u00fcnstig. Nach der Installation eines \u201eContent Management Systems\u201c, erhalten sie sofort einen eigenen Adminbereich. Dort k\u00f6nnen Sie Texte, Bilder, Module, Benutzer, Seiten, Links, Downloads, G\u00e4steb\u00fccher u.s.w. bequem online und von jedem PC verwalten, \u00e4ndern oder hinzuf\u00fcgen und das ohne gro\u00dfe Vorkenntnisse.<\/span><\/strong><\/p>\t\t\t\t\t\t\t\t<\/div>\n\t\t\t\t<\/div>\n\t\t\t\t\t<\/div>\n\t\t<\/div>\n\t\t\t\t\t<\/div>\n\t\t<\/section>\n\t\t\t\t<section class=\"elementor-section elementor-top-section elementor-element elementor-element-ebb2847 elementor-section-boxed elementor-section-height-default elementor-section-height-default\" data-id=\"ebb2847\" data-element_type=\"section\">\n\t\t\t\t\t\t<div class=\"elementor-container elementor-column-gap-default\">\n\t\t\t\t\t<div class=\"elementor-column elementor-col-100 elementor-top-column elementor-element elementor-element-c63ca04\" data-id=\"c63ca04\" data-element_type=\"column\">\n\t\t\t<div class=\"elementor-widget-wrap elementor-element-populated\">\n\t\t\t\t\t\t<div class=\"elementor-element elementor-element-2a1fcc6 elementor-widget elementor-widget-text-editor\" data-id=\"2a1fcc6\" data-element_type=\"widget\" data-widget_type=\"text-editor.default\">\n\t\t\t\t<div class=\"elementor-widget-container\">\n\t\t\t\t\t\t\t\t\t<p style=\"text-align: center;\"><span style=\"font-size: 20px;\"><strong style=\"color: #000000;\"><span style=\"font-family: verdana, geneva, sans-serif;\">Unsere Leistungen im \u00dcberblick:<\/span><\/strong><\/span><\/p><ul><li><strong style=\"color: #000000;\"><span style=\"font-family: verdana, geneva, sans-serif; font-size: 12px;\">Installation eines Content Systems (WORDPRESS, Joomla, Pappoo, GL-fusion und viele weitere)<\/span><\/strong><\/li><li><strong style=\"color: #000000;\"><span style=\"font-family: verdana, geneva, sans-serif; font-size: 12px;\">Inhalte, Bilder, Texte, Grafiken, Sonderfunktionen u.v.m.<\/span><\/strong><\/li><li><span style=\"color: #000000;\"><strong><span style=\"font-family: verdana, geneva, sans-serif; font-size: 12px;\">Backup Service \/ Remote Service<\/span><\/strong><\/span><\/li><li><span style=\"color: #000000;\"><strong><span style=\"font-family: verdana, geneva, sans-serif; font-size: 12px;\">G\u00e4steb\u00fccher, Community<\/span><\/strong><\/span><\/li><li><span style=\"color: #000000;\"><strong><span style=\"font-family: verdana, geneva, sans-serif; font-size: 12px;\">Beratung zu den Produkten<\/span><\/strong><\/span><\/li><li><span style=\"color: #000000;\"><strong><span style=\"font-family: verdana, geneva, sans-serif; font-size: 12px;\">G\u00fcnstige Preise<\/span><\/strong><\/span><\/li><li><span style=\"color: #000000;\"><strong><span style=\"font-family: verdana, geneva, sans-serif; font-size: 12px;\">Schnelle Verf\u00fcgbarkeit<\/span><\/strong><\/span><\/li><li><span style=\"color: #000000;\"><strong><span style=\"font-family: verdana, geneva, sans-serif; font-size: 12px;\">Datenbankinstallation<\/span><\/strong><\/span><\/li><li><span style=\"color: #000000;\"><strong><span style=\"font-family: verdana, geneva, sans-serif; font-size: 12px;\">Updateservice<\/span><\/strong><\/span><\/li><li><span style=\"color: #000000;\"><strong><span style=\"font-family: verdana, geneva, sans-serif; font-size: 12px;\">Anlegen Ihrer Domain<\/span><\/strong><\/span><\/li><li><span style=\"color: #000000;\"><strong><span style=\"font-family: verdana, geneva, sans-serif; font-size: 12px;\">Wartungsvertrag f\u00fcr ihre Homepage<\/span><\/strong><\/span><\/li><\/ul><p>\u00a0<\/p><ul><li><span style=\"text-decoration: underline;\"><span style=\"font-size: 28px;\"><strong style=\"color: #000000;\"><span style=\"font-family: verdana, geneva, sans-serif;\">Die eigene Homepage bereits ab 199,00\u20ac<\/span><\/strong><\/span><\/span><\/li><\/ul>\t\t\t\t\t\t\t\t<\/div>\n\t\t\t\t<\/div>\n\t\t\t\t\t<\/div>\n\t\t<\/div>\n\t\t\t\t\t<\/div>\n\t\t<\/section>\n\t\t\t\t<\/div>\n\t\t","protected":false},"excerpt":{"rendered":"<p>Homepage &#8211; Erstellung Auch kleinere Firmen kommen heute ohne eigene Homepage nicht mehr aus. Die einmalige Erstellung geht meistens noch. Doch die Pflege oder der individuelle Auftritt. WANN soll das erledigt werden? Eine Homepage die nicht aktuell oder schlecht gebaut ist, kann abschrecken. So werden Sie keine Kunden gewinnen k\u00f6nnen. Wir bieten f\u00fcr Sie den &hellip; <\/p>\n<p><a class=\"more-link btn\" href=\"http:\/\/computerservice-langenhagen.de\/?page_id=508\">Weiterlesen<\/a><\/p>\n","protected":false},"author":4,"featured_media":0,"parent":0,"menu_order":0,"comment_status":"closed","ping_status":"closed","template":"template-threecolumnscenter.php","meta":{"jetpack_post_was_ever_published":false,"footnotes":""},"jetpack_sharing_enabled":true,"jetpack_shortlink":"https:\/\/wp.me\/P9URZL-8c","_links":{"self":[{"href":"http:\/\/computerservice-langenhagen.de\/index.php?rest_route=\/wp\/v2\/pages\/508"}],"collection":[{"href":"http:\/\/computerservice-langenhagen.de\/index.php?rest_route=\/wp\/v2\/pages"}],"about":[{"href":"http:\/\/computerservice-langenhagen.de\/index.php?rest_route=\/wp\/v2\/types\/page"}],"author":[{"embeddable":true,"href":"http:\/\/computerservice-langenhagen.de\/index.php?rest_route=\/wp\/v2\/users\/4"}],"replies":[{"embeddable":true,"href":"http:\/\/computerservice-langenhagen.de\/index.php?rest_route=%2Fwp%2Fv2%2Fcomments&post=508"}],"version-history":[{"count":0,"href":"http:\/\/computerservice-langenhagen.de\/index.php?rest_route=\/wp\/v2\/pages\/508\/revisions"}],"wp:attachment":[{"href":"http:\/\/computerservice-langenhagen.de\/index.php?rest_route=%2Fwp%2Fv2%2Fmedia&parent=508"}],"curies":[{"name":"wp","href":"https:\/\/api.w.org\/{rel}","templated":true}]}}